{"id":6,"date":"2011-12-06T14:31:20","date_gmt":"2011-12-06T14:31:20","guid":{"rendered":"https:\/\/dachundglas.at\/?page_id=6"},"modified":"2022-10-09T13:23:19","modified_gmt":"2022-10-09T13:23:19","slug":"impressum","status":"publish","type":"page","link":"https:\/\/dachundglas.at\/?page_id=6","title":{"rendered":"KONTAKT"},"content":{"rendered":"<h1 style=\"text-align: center;\"><strong><span style=\"color: #00ccff;\">Dach + Glas GmbH<\/span><\/strong><\/h1>\n<h3 style=\"text-align: center;\"><span style=\"font-family: georgia,serif;\"><span style=\"color: #000000;\">Hr.Andreas Schwab<\/span><\/span><\/h3>\n<h3 style=\"text-align: center;\"><span style=\"font-family: georgia,serif;\"><span style=\"color: #000000;\">A-5700 Zell am See<\/span><\/span><\/h3>\n<h3 style=\"text-align: center;\"><span style=\"font-family: georgia,serif;\">dachundglas@sbg.at<\/span><\/h3>\n<h3 style=\"text-align: center;\"><span style=\"font-family: georgia,serif;\">+43-676-4462512<\/span><\/h3>\n<address>\u00a0<\/address>\n<address>\u00a0<\/address>\n<address>\u00a0<\/address>\n<hr \/>\n<pre><span style=\"font-family: georgia,palatino;\"><span style=\"font-size: medium;\">Diese Webseite wurde in Auftrag von Hr. Schwab Andreas von Firma <a href=\"https:\/\/www.d24-solutions.hr\">D24-Solutions<\/a> erstellt!<\/span><\/span>\r\n\r\n<span style=\"font-family: georgia,palatino;\"><span style=\"font-size: medium;\">Wir danke f\u00fcr die Bilder von <em>\u00a9 M.Rosenwirth, <\/em><em>\u00a9 J\u00f6rg Rautenberg, <\/em><em>\u00a9 bARTiko und <\/em><\/span><\/span><em><span style=\"font-family: georgia,palatino;\"><span style=\"font-size: medium;\">\u00a9 klickerminth gekauft bei Fotolia.de!<\/span><\/span><\/em>\r\n\r\n<span style=\"font-family: georgia,palatino;\"><span style=\"font-size: medium;\">Die Inhalte und Werke auf diesen Seiten unterliegen dem  Urheberrecht. Die Vervielf\u00e4ltigung, Bearbeitung, Verbreitung und jede Art der Verwertung au\u00dferhalb der Grenzen des Urheberrechtes bed\u00fcrfen der schriftlichen Zustimmung des jeweiligen Autors bzw. Erstellers. <\/span><\/span><span style=\"font-family: georgia,palatino;\"><span style=\"font-size: medium;\"><span style=\"color: #000000;\">Die Website <a href=\"undefined\/\">www.dachundglas.at<\/a><\/span><span style=\"font-family: georgia,palatino;\"><span style=\"font-size: medium;\"> <span style=\"color: #000000;\">verwendet Cookies, um die Nutzung zu erleichtern.<\/span><span style=\"color: #000000;\">Siehe Erkl\u00e4rung was ein Cookie ist: <\/span><\/span><\/span><a href=\"http:\/\/de.wikipedia.org\/wiki\/Cookie\"><span style=\"color: #000000;\"><span style=\"font-size: small;\"><span style=\"font-family: georgia,palatino;\"><span style=\"font-size: medium;\">http:\/\/de.wikipedia.org\/wiki\/Cookie<\/span><\/span><\/span><\/span><\/a> <\/span><\/span><\/pre>\n","protected":false},"excerpt":{"rendered":"<div class=\"mh-excerpt\"><p>Dach + Glas GmbH Hr.Andreas Schwab A-5700 Zell am See dachundglas@sbg.at +43-676-4462512 \u00a0 \u00a0 \u00a0 Diese Webseite wurde in Auftrag von Hr. Schwab Andreas von <a class=\"mh-excerpt-more\" href=\"https:\/\/dachundglas.at\/?page_id=6\" title=\"KONTAKT\">Weiterlesen<\/a><\/p>\n<\/div>","protected":false},"author":2,"featured_media":0,"parent":0,"menu_order":4,"comment_status":"closed","ping_status":"closed","template":"","meta":{"footnotes":""},"class_list":["post-6","page","type-page","status-publish","hentry"],"_links":{"self":[{"href":"https:\/\/dachundglas.at\/index.php?rest_route=\/wp\/v2\/pages\/6","targetHints":{"allow":["GET"]}}],"collection":[{"href":"https:\/\/dachundglas.at\/index.php?rest_route=\/wp\/v2\/pages"}],"about":[{"href":"https:\/\/dachundglas.at\/index.php?rest_route=\/wp\/v2\/types\/page"}],"author":[{"embeddable":true,"href":"https:\/\/dachundglas.at\/index.php?rest_route=\/wp\/v2\/users\/2"}],"replies":[{"embeddable":true,"href":"https:\/\/dachundglas.at\/index.php?rest_route=%2Fwp%2Fv2%2Fcomments&post=6"}],"version-history":[{"count":12,"href":"https:\/\/dachundglas.at\/index.php?rest_route=\/wp\/v2\/pages\/6\/revisions"}],"predecessor-version":[{"id":160,"href":"https:\/\/dachundglas.at\/index.php?rest_route=\/wp\/v2\/pages\/6\/revisions\/160"}],"wp:attachment":[{"href":"https:\/\/dachundglas.at\/index.php?rest_route=%2Fwp%2Fv2%2Fmedia&parent=6"}],"curies":[{"name":"wp","href":"https:\/\/api.w.org\/{rel}","templated":true}]}}

<h1 style="text-align: center;"><strong><span style="color: #00ccff;">Dach + Glas GmbH</span></strong></h1>
<h3 style="text-align: center;"><span style="font-family: georgia,serif;"><span style="color: #000000;">Hr.Andreas Schwab</span></span></h3>
<h3 style="text-align: center;"><span style="font-family: georgia,serif;"><span style="color: #000000;">A-5700 Zell am See</span></span></h3>
<h3 style="text-align: center;"><span style="font-family: georgia,serif;">dachundglas@sbg.at</span></h3>
<h3 style="text-align: center;"><span style="font-family: georgia,serif;">+43-676-4462512</span></h3>
<address> </address>
<address> </address>
<address> </address>
<hr />
<pre><span style="font-family: georgia,palatino;"><span style="font-size: medium;">Diese Webseite wurde in Auftrag von Hr. Schwab Andreas von Firma <a href="https://www.d24-solutions.hr">D24-Solutions</a> erstellt!</span></span>

<span style="font-family: georgia,palatino;"><span style="font-size: medium;">Wir danke für die Bilder von <em>© M.Rosenwirth, </em><em>© Jörg Rautenberg, </em><em>© bARTiko und </em></span></span><em><span style="font-family: georgia,palatino;"><span style="font-size: medium;">© klickerminth gekauft bei Fotolia.de!</span></span></em>

<span style="font-family: georgia,palatino;"><span style="font-size: medium;">Die Inhalte und Werke auf diesen Seiten unterliegen dem  Urheberrecht. Die Vervielfältigung, Bearbeitung, Verbreitung und jede Art der Verwertung außerhalb der Grenzen des Urheberrechtes bedürfen der schriftlichen Zustimmung des jeweiligen Autors bzw. Erstellers. </span></span><span style="font-family: georgia,palatino;"><span style="font-size: medium;"><span style="color: #000000;">Die Website <a href="undefined/">www.dachundglas.at</a></span><span style="font-family: georgia,palatino;"><span style="font-size: medium;"> <span style="color: #000000;">verwendet Cookies, um die Nutzung zu erleichtern.</span><span style="color: #000000;">Siehe Erklärung was ein Cookie ist: </span></span></span><a href="http://de.wikipedia.org/wiki/Cookie"><span style="color: #000000;"><span style="font-size: small;"><span style="font-family: georgia,palatino;"><span style="font-size: medium;">http://de.wikipedia.org/wiki/Cookie</span></span></span></span></a> </span></span></pre>
